the remainder when i is divided by 20?
19
Suppose 0*d - 2*d + 3*o + 19 = 0, 2*o = -5*d + 38. What is the remainder when 46 is divided by d?
6
Let l(i) = 12*i**3 - i**2 - 2. Calculate the remainder when l(2) is divided by 31.
28
Let q(y) = 18*y - 8. What is the remainder when q(2) is divided by 6?
4
Suppose 6*w - 14 = 58. Calculate the remainder when 95 is divided by w.
11
Let z(n) = n**2 - 3*n + 1. Let c(a) = -a. Let t(v) = -2*c(v) + z(v). Let j(w) = w + 4. Let r be j(-6). What is the remainder when t(r) is divided by 3?
1
Suppose -45 = -3*z + 66. What is the remainder when z is divided by 19?
18
What is the remainder when 84 is divided by 0/(7 - 3) - -22?
18
Let y(g) = g**3 + 2*g**2 - g**2 + 3*g + 14 - 3*g. Calculate the remainder when 27 is divided by y(0).
13
Let n = -33 + 48. Calculate the remainder when 22 is divided by n.
7
Suppose 0 = -3*b + 2*h + 83, 5*b + 5*h - 46 = 84. Calculate the remainder when b is divided by 7.
6
Let x = -32 + -2. Let w = x + 53. What is the remainder when w is divided by 10?
9
Suppose z = 2*z. Let f = 5 - z. Suppose -3*v + 14 = -5*t, 2*t + 3*t - 12 = v. What is the remainder when v is divided by f?
3
Suppose -2*h + 182 = 4*u, 5*h - 2*h - 3*u - 246 = 0. Calculate the remainder when h is divided by 11.
8
Suppose -2*u - 30 = -5*s + 7, 5*s - u = 41. Suppose 0*y = -y + 2*j, -5*y + 4*j = -12. Calculate the remainder when s is divided by y.
1
Suppose 0 = a + 3*a - 112. Let u(d) = 6*d - 3. What is the remainder when a is divided by u(3)?
13
Let f = -10 + 229. Suppose -4*s - 35 + f = 0. Suppose 5*n = 74 + 46. Calculate the remainder when s is divided by n.
22
Suppose 2*t = 3*z - 5*z - 6, 0 = -2*t + 4*z + 18. Let y = 8 - 3. Calculate the remainder when y is divided by t.
0
Calculate the remainder when ((-12)/8)/(1 + 270/(-268)) is divided by 51.
48
Suppose 5*k - 30 = -5*y, -7 = 2*k - 5*y - 54. Calculate the remainder when k is divided by 3.
2
Suppose 1 = -n, -u + n + 4 = 1. Suppose 5*i + 3*y - 4 = 12, -y - 18 = -3*i. Let h = i - 3. Calculate the remainder when u is divided by h.
0
Let d = 9 + -11. Let w be 27/(-5)*(-3 + d). Suppose 3*z = -0*z + w. Calculate the remainder when 15 is divided by z.
6
Suppose 148 = -23*z + 25*z. What is the remainder when z is divided by 19?
17
Let n(s) = s**3 + 5*s**2 + s - 4. What is the remainder when 23 is divided by n(-4)?
7
Suppose 0 = 2*h + 3*k - 133, -2*h = h + 2*k - 212. What is the remainder when h is divided by 25?
24
Let x = 46 + -34. What is the remainder when x is divided by 4?
0
Suppose -3*j - 3*u - 235 = -820, -375 = -2*j + 3*u. Suppose 2*b = -5*m - b + j, -m - 5*b + 34 = 0. Calculate the remainder when m is divided by 10.
9
Let a(s) = -s**3 - 5*s**2 - 3*s - 1. Let r be a(-3). Let h be 1 - (0 - r) - -2. Let p(z) = -4*z + 9. What is the remainder when p(h) is divided by 13?
11
Suppose -5*b - 120 = -5*v, 4*v - 3*b - 102 = -2*b. Calculate the remainder when 102 is divided by v.
24
Suppose -5*i + 5 = 7*k - 2*k, 0 = -2*i + 4*k + 26. Suppose -3*z + 21 = -i*j, 4*j + 3 = -z - 7. What is the remainder when 7 is divided by z + (-1 + -3)/(-2)?
3
Suppose 13*w - 18*w + 270 = 0. Calculate the remainder when w is divided by 8.
6
Let d = 22 + -11. Calculate the remainder when d is divided by (-3 - 1)/(3 - 4).
3
Let a = 68 - 46. Calculate the remainder when a is divided by 14.
8
Let d be 4 + (664 + -2)/2. Let r = -236 + d. What is the remainder when r is divided by 25?
24
Suppose -3*p + 5 = -13. Suppose 0 = -t + p + 2. What is the remainder when 29 is divided by t?
5
Suppose -5*g - 3*d = -15, -5*d - 15 = -4*g - 3. Let a(m) = -m**3 + 8*m**2 + 9*m + 7. Suppose 6*l = 4*l + 18. What is the remainder when a(l) is divided by g?
1
Let x be (-7 - -6) + 1*3. Suppose -3*y = x - 5. Calculate the remainder when 2 is divided by y.
0
Suppose 7 + 5 = q. What is the remainder when (50/(-15))/((-4)/54) is divided by q?
9
Suppose -2*v + 0*v = 0. Suppose 0 = 2*o - g - 40, v = -2*o - o - 4*g + 49. Let f(r) = -2*r - 23. Calculate the remainder when o is divided by f(-14).
4
Suppose -4*h - 4 = -2*h. Let c = 2 + h. Suppose c = -m + r + 23, -3*m = -0*m + 2*r - 94. Calculate the remainder when m is divided by 10.
8
Let d be 2 - (13 - (-1 + 2)). Let u(w) = -w - 8. Let h be u(d). Calculate the remainder when 35 is divided by -30*(-1)/(5/h).
11
Suppose 3*b = 2*f - 133, -2 = -b - 7. Suppose -f = -2*u - 23. What is the remainder when 53 is divided by u?
17
Let f = 18 - -2. Let r(s) = -s**3 - 5*s**2 + 5*s + 5. Calculate the remainder when f is divided by r(-6).
9
Suppose 2*m + 32 = -2*h, 2*m + m + 5*h = -48. What is the remainder when 21 is divided by (-1 - 1) + (-3 - m)?
10
Let u = -35 - -97. What is the remainder when u is divided by 17?
11
Suppose 0 = -2*d + 4*g + 34, -4*g = -5*g - 1. Calculate the remainder when 59 is divided by d.
14
Let f be (10/8)/((-1)/(-12)). Suppose -k + 2*k + x - f = 0, 0 = x - 4. Calculate the remainder when k is divided by 6.
5
Let j(o) = 4*o**3 - 3*o**2 + o - 36. Let z(t) = 7*t**3 - 5*t**2 + t - 73. Let f(p) = 5*j(p) - 3*z(p). What is the remainder when f(0) is divided by 10?
9
Let u(k) = k**2 - k + 4. Let g be u(5). Suppose t + 2 - g = 0. Calculate the remainder when t is divided by 6.
4
Let f(l) = l + 56. Let j(p) = p**2 - 7*p. Let x be j(7). Let n be f(x). What is the remainder when n/1*(2 + -1) is divided by 19?
18
Suppose -5*i - 8 = -138. What is the remainder when i is divided by 9?
8
Suppose 6*l = 17*l - 55. Suppose -2*m - 19 = -5*x - 8, 2*x = 5*m - 25. Calculate the remainder when m is divided by l.
2
Let q(y) = y**3 + 6*y**2 - y + 5. Let k(d) = 6*d - d + 3*d**2 - 3 - 2*d**2. Calculate the remainder when q(-4) is divided by k(3).
20
Suppose 3*v - 23 = 2*v. What is the remainder when 89 is divided by v?
20
Calculate the remainder when 14 is divided by (-2*6/10)/((-15)/50).
2
Suppose -2*l = -5*v - 14, l + 0*v + 4 = -3*v. What is the remainder when 13 is divided by l?
1
Let j(u) = -u**3 + 7*u**2 - 6*u + 2. Let g be (-2)/(6/(-21)) + 2. Suppose 49 = 5*c + g. Calculate the remainder when j(5) is divided by c.
6
Suppose -4*q - 1 = -113. Suppose 5*i = 602 - 52. What is the remainder when i is divided by q?
26
Let t = 11 + 14. Calculate the remainder when 98 is divided by t.
23
Suppose -4*u + 0*u = -108. Calculate the remainder when u is divided by 10.
7
What is the remainder when 64 is divided by -6 - (-145)/25 - 86/(-5)?
13
Let x = 14 - -6. Suppose 2*u + 4*m = -24, 2*u + m + 9 = -0*u. Let w = 13 + u. Calculate the remainder when x is divided by w.
9
Let l(o) = -o - 10. Let s be l(-6). Let x = -3 - s. What is the remainder when 53 is divided by (-2*x)/(3/(-21))?
11
Let v = 15 - 11. Suppose -5*g - 2*q = -34, g + v*g - q = 28. Let j(r) = r**2 - 4*r + 4. What is the remainder when j(6) is divided by g?
4
Calculate the remainder when 47 - 1/(4*3/24) is divided by 23.
22
Let b(c) = 10*c - 2. Let n be b(3). Suppose -5*m + m = -g + 53, -g = m - n. Calculate the remainder when g is divided by 9.
6
Let b = 44 - 7. Calculate the remainder when b is divided by 8.
5
Suppose -5*v - 5 - 5 = 0. Let d be (-3)/18 - (-15)/(-18). Calculate the remainder when 22 is divided by 11 - d/(3 + v).
10
Calculate the remainder when (1 + -3 - -1)/(1/(-61)) is divided by 16.
13
Let t = -9 - -17. Let h(u) = -u**2 - u + 17. Let y be h(0). Let w = 5 + y. Calculate the remainder when w is divided by t.
6
Let o(h) = h**3 - 10*h**2 - 4*h - 4. Let j = 14 - 3. Calculate the remainder when o(j) is divided by 25.
23
Let l be (4/6)/(2/(-9)). Let g = -7 - l. Let y(n) = -n**3 - n**2 + 4*n + 2. Calculate the remainder when y(g) is divided by 12.
10
Suppose 0*c + c = 0. Suppose 0 = -r - c*r + 2. What is the remainder when 7 is divided by r?
1
Let q = -4 - -17. Suppose d = 18 + 20. What is the remainder when d is divided by q?
12
Let n(t) = t**3 - 11*t**2 + 14*t - 3. Calculate the remainder when n(10) is divided by 13.
11
Let a = 26 + -15. Calculate the remainder when 1 + 0 - (-29 + -1) is divided by a.
9
Suppose 3 = 6*m - 3*m. Calculate the remainder when m is divided by 1.
0
Suppose 3*n - 5*n + 5*b = -24, 2*n - 24 = b. What is the remainder when n is divided by 3?
0
Let o = 0 + -9. Let z = 24 + o. Let l(i) = -i**2 - i + 28. Calculate the remainder when l(0) is divided by z.
13
Suppose b + f = -3*f - 37, -5*f = -25. Let x = b + 96. 